{"id":49,"date":"2020-09-30T07:28:25","date_gmt":"2020-09-30T07:28:25","guid":{"rendered":"http:\/\/honig.macovei.at\/?page_id=49"},"modified":"2020-10-14T06:01:49","modified_gmt":"2020-10-14T06:01:49","slug":"bewertungen","status":"publish","type":"page","link":"https:\/\/honig.macovei.at\/?page_id=49","title":{"rendered":"Bewertungen"},"content":{"rendered":"<div class=\"glsr glsr-default\" id=\"glsr_2f3277d4\" data-block='' data-display='50' data-id='glsr_2f3277d4'><div class=\"glsr-reviews-wrap\">\n    <div class=\"glsr-reviews\">\n        <div class=\"glsr-review\" data-type=\"local\" id=\"review-147\" data-assigned='[]'>\n    <div class=\"glsr-review-title\"><h3 class=\"glsr-tag-value\">Bester Honig in unserer Region<\/h3><\/div>\n    <div class=\"glsr-review-rating\"><div class=\"glsr-star-rating glsr-stars\" data-rating=\"5\">\n    <span class=\"screen-reader-text\">Rated <strong>5<\/strong> out of 5<\/span>\n    <span class=\"glsr-star glsr-star-full\" aria-hidden=\"true\"><\/span><span class=\"glsr-star glsr-star-full\" aria-hidden=\"true\"><\/span><span class=\"glsr-star glsr-star-full\" aria-hidden=\"true\"><\/span><span class=\"glsr-star glsr-star-full\" aria-hidden=\"true\"><\/span><span class=\"glsr-star glsr-star-full\" aria-hidden=\"true\"><\/span>\n<\/div><\/div>\n    <div class=\"glsr-review-date\"><span class=\"glsr-tag-value\">October 30, 2025<\/span><\/div>\n    \n    <div class=\"glsr-review-content\"><p class=\"glsr-tag-value\">Der beste Honig in der Region! Frisch, nat\u00fcrlich und mit einem unverwechselbaren Geschmack. Man schmeckt die Liebe zur Imkerei in jedem Glas. Absolut empfehlenswert!<\/p><\/div>\n    \n    <div class=\"glsr-review-author\"><span class=\"glsr-tag-value\">Valentina Koller<\/span><\/div>\n    \n<\/div>\n<div class=\"glsr-review\" data-type=\"local\" id=\"review-134\" data-assigned='[]'>\n    <div class=\"glsr-review-title\"><h3 class=\"glsr-tag-value\">Bester Honig \u00fcberhaupt!<\/h3><\/div>\n    <div class=\"glsr-review-rating\"><div class=\"glsr-star-rating glsr-stars\" data-rating=\"5\">\n    <span class=\"screen-reader-text\">Rated <strong>5<\/strong> out of 5<\/span>\n    <span class=\"glsr-star glsr-star-full\" aria-hidden=\"true\"><\/span><span class=\"glsr-star glsr-star-full\" aria-hidden=\"true\"><\/span><span class=\"glsr-star glsr-star-full\" aria-hidden=\"true\"><\/span><span class=\"glsr-star glsr-star-full\" aria-hidden=\"true\"><\/span><span class=\"glsr-star glsr-star-full\" aria-hidden=\"true\"><\/span>\n<\/div><\/div>\n    <div class=\"glsr-review-date\"><span class=\"glsr-tag-value\">September 8, 2025<\/span><\/div>\n    \n    <div class=\"glsr-review-content\"><p class=\"glsr-tag-value\">Ich war lange K\u00fcchenchef International und National t\u00e4tig. Ich mu\u00df sagen, dass ist der beste Honig den ich morgens auf meine Buttersemmel genie\u00dfen durfte.<br \/> Ein Geheimtipp unter Kennern. Danke f\u00fcr die professionelle Arbeit.<\/p><\/div>\n    \n    <div class=\"glsr-review-author\"><span class=\"glsr-tag-value\">Joachim Raunigg<\/span><\/div>\n    \n<\/div>\n<div class=\"glsr-review\" data-type=\"local\" id=\"review-133\" data-assigned='[]'>\n    <div class=\"glsr-review-title\"><h3 class=\"glsr-tag-value\">Honig Macovei<\/h3><\/div>\n    <div class=\"glsr-review-rating\"><div class=\"glsr-star-rating glsr-stars\" data-rating=\"5\">\n    <span class=\"screen-reader-text\">Rated <strong>5<\/strong> out of 5<\/span>\n    <span class=\"glsr-star glsr-star-full\" aria-hidden=\"true\"><\/span><span class=\"glsr-star glsr-star-full\" aria-hidden=\"true\"><\/span><span class=\"glsr-star glsr-star-full\" aria-hidden=\"true\"><\/span><span class=\"glsr-star glsr-star-full\" aria-hidden=\"true\"><\/span><span class=\"glsr-star glsr-star-full\" aria-hidden=\"true\"><\/span>\n<\/div><\/div>\n    <div class=\"glsr-review-date\"><span class=\"glsr-tag-value\">September 5, 2025<\/span><\/div>\n    \n    <div class=\"glsr-review-content\"><p class=\"glsr-tag-value\">Sehr guter Honig!<br \/> Kann ich nur weiter empfehlen !<\/p><\/div>\n    \n    <div class=\"glsr-review-author\"><span class=\"glsr-tag-value\">Knapp Claudia<\/span><\/div>\n    \n<\/div>\n<div class=\"glsr-review\" data-type=\"local\" id=\"review-123\" data-assigned='[]'>\n    <div class=\"glsr-review-title\"><h3 class=\"glsr-tag-value\">Mein Lieblingshonig<\/h3><\/div>\n    <div class=\"glsr-review-rating\"><div class=\"glsr-star-rating glsr-stars\" data-rating=\"5\">\n    <span class=\"screen-reader-text\">Rated <strong>5<\/strong> out of 5<\/span>\n    <span class=\"glsr-star glsr-star-full\" aria-hidden=\"true\"><\/span><span class=\"glsr-star glsr-star-full\" aria-hidden=\"true\"><\/span><span class=\"glsr-star glsr-star-full\" aria-hidden=\"true\"><\/span><span class=\"glsr-star glsr-star-full\" aria-hidden=\"true\"><\/span><span class=\"glsr-star glsr-star-full\" aria-hidden=\"true\"><\/span>\n<\/div><\/div>\n    <div class=\"glsr-review-date\"><span class=\"glsr-tag-value\">November 10, 2024<\/span><\/div>\n    \n    <div class=\"glsr-review-content\"><p class=\"glsr-tag-value\">Super Qualit\u00e4t, Honig vom Feinsten.<\/p><\/div>\n    \n    <div class=\"glsr-review-author\"><span class=\"glsr-tag-value\">Ingrid Schober<\/span><\/div>\n    \n<\/div>\n<div class=\"glsr-review\" data-type=\"local\" id=\"review-96\" data-assigned='[]'>\n    <div class=\"glsr-review-title\"><h3 class=\"glsr-tag-value\">Langer Abgang<\/h3><\/div>\n    <div class=\"glsr-review-rating\"><div class=\"glsr-star-rating glsr-stars\" data-rating=\"5\">\n    <span class=\"screen-reader-text\">Rated <strong>5<\/strong> out of 5<\/span>\n    <span class=\"glsr-star glsr-star-full\" aria-hidden=\"true\"><\/span><span class=\"glsr-star glsr-star-full\" aria-hidden=\"true\"><\/span><span class=\"glsr-star glsr-star-full\" aria-hidden=\"true\"><\/span><span class=\"glsr-star glsr-star-full\" aria-hidden=\"true\"><\/span><span class=\"glsr-star glsr-star-full\" aria-hidden=\"true\"><\/span>\n<\/div><\/div>\n    <div class=\"glsr-review-date\"><span class=\"glsr-tag-value\">February 13, 2022<\/span><\/div>\n    \n    <div class=\"glsr-review-content\"><p class=\"glsr-tag-value\">Kastanien Honig von Dimi ist perfekt, kennen keinen besseren !<br \/> Im Mund hat man einen langen Abgang , fast wie bei einem guten Wein!<\/p><\/div>\n    \n    <div class=\"glsr-review-author\"><span class=\"glsr-tag-value\">Fredi CHRISTL<\/span><\/div>\n    \n<\/div>\n<div class=\"glsr-review\" data-type=\"local\" id=\"review-95\" data-assigned='[]'>\n    <div class=\"glsr-review-title\"><h3 class=\"glsr-tag-value\">Super Honig<\/h3><\/div>\n    <div class=\"glsr-review-rating\"><div class=\"glsr-star-rating glsr-stars\" data-rating=\"5\">\n    <span class=\"screen-reader-text\">Rated <strong>5<\/strong> out of 5<\/span>\n    <span class=\"glsr-star glsr-star-full\" aria-hidden=\"true\"><\/span><span class=\"glsr-star glsr-star-full\" aria-hidden=\"true\"><\/span><span class=\"glsr-star glsr-star-full\" aria-hidden=\"true\"><\/span><span class=\"glsr-star glsr-star-full\" aria-hidden=\"true\"><\/span><span class=\"glsr-star glsr-star-full\" aria-hidden=\"true\"><\/span>\n<\/div><\/div>\n    <div class=\"glsr-review-date\"><span class=\"glsr-tag-value\">December 22, 2021<\/span><\/div>\n    \n    <div class=\"glsr-review-content\"><p class=\"glsr-tag-value\">Qualit\u00e4t ist echt Spitze!<\/p><\/div>\n    \n    <div class=\"glsr-review-author\"><span class=\"glsr-tag-value\">Florijan Jezovita<\/span><\/div>\n    \n<\/div>\n<div class=\"glsr-review\" data-type=\"local\" id=\"review-78\" data-assigned='[]'>\n    <div class=\"glsr-review-title\"><h3 class=\"glsr-tag-value\">Ausgezeichneter Geschmack<\/h3><\/div>\n    <div class=\"glsr-review-rating\"><div class=\"glsr-star-rating glsr-stars\" data-rating=\"5\">\n    <span class=\"screen-reader-text\">Rated <strong>5<\/strong> out of 5<\/span>\n    <span class=\"glsr-star glsr-star-full\" aria-hidden=\"true\"><\/span><span class=\"glsr-star glsr-star-full\" aria-hidden=\"true\"><\/span><span class=\"glsr-star glsr-star-full\" aria-hidden=\"true\"><\/span><span class=\"glsr-star glsr-star-full\" aria-hidden=\"true\"><\/span><span class=\"glsr-star glsr-star-full\" aria-hidden=\"true\"><\/span>\n<\/div><\/div>\n    <div class=\"glsr-review-date\"><span class=\"glsr-tag-value\">November 20, 2020<\/span><\/div>\n    \n    <div class=\"glsr-review-content\"><p class=\"glsr-tag-value\">Top in Qualit\u00e4t und Geschmack -Regional gekauft und problemlos kontaktfrei zugestellt.Nur zum weiterempfehlen!<\/p><\/div>\n    \n    <div class=\"glsr-review-author\"><span class=\"glsr-tag-value\">Renate Deutschmann<\/span><\/div>\n    \n<\/div>\n<div class=\"glsr-review\" data-type=\"local\" id=\"review-67\" data-assigned='[]'>\n    <div class=\"glsr-review-title\"><h3 class=\"glsr-tag-value\">Honig<\/h3><\/div>\n    <div class=\"glsr-review-rating\"><div class=\"glsr-star-rating glsr-stars\" data-rating=\"5\">\n    <span class=\"screen-reader-text\">Rated <strong>5<\/strong> out of 5<\/span>\n    <span class=\"glsr-star glsr-star-full\" aria-hidden=\"true\"><\/span><span class=\"glsr-star glsr-star-full\" aria-hidden=\"true\"><\/span><span class=\"glsr-star glsr-star-full\" aria-hidden=\"true\"><\/span><span class=\"glsr-star glsr-star-full\" aria-hidden=\"true\"><\/span><span class=\"glsr-star glsr-star-full\" aria-hidden=\"true\"><\/span>\n<\/div><\/div>\n    <div class=\"glsr-review-date\"><span class=\"glsr-tag-value\">October 18, 2020<\/span><\/div>\n    \n    <div class=\"glsr-review-content\"><p class=\"glsr-tag-value\">Ech super Producte,mit <br \/> Leidenschaft erzeugt,nur<br \/> Bio !!Empfelenswert !!<\/p><\/div>\n    \n    <div class=\"glsr-review-author\"><span class=\"glsr-tag-value\">Tica Liviu<\/span><\/div>\n    \n<\/div>\n<div class=\"glsr-review\" data-type=\"local\" id=\"review-62\" data-assigned='[]'>\n    <div class=\"glsr-review-title\"><h3 class=\"glsr-tag-value\">Honig mit viel Leidenschaft und Liebe<\/h3><\/div>\n    <div class=\"glsr-review-rating\"><div class=\"glsr-star-rating glsr-stars\" data-rating=\"5\">\n    <span class=\"screen-reader-text\">Rated <strong>5<\/strong> out of 5<\/span>\n    <span class=\"glsr-star glsr-star-full\" aria-hidden=\"true\"><\/span><span class=\"glsr-star glsr-star-full\" aria-hidden=\"true\"><\/span><span class=\"glsr-star glsr-star-full\" aria-hidden=\"true\"><\/span><span class=\"glsr-star glsr-star-full\" aria-hidden=\"true\"><\/span><span class=\"glsr-star glsr-star-full\" aria-hidden=\"true\"><\/span>\n<\/div><\/div>\n    <div class=\"glsr-review-date\"><span class=\"glsr-tag-value\">October 8, 2020<\/span><\/div>\n    \n    <div class=\"glsr-review-content\"><p class=\"glsr-tag-value\">Mein Vater ist seit einigen Jahren Imker mit Leidenschaft. Er hat mit viel Engagement, Flei\u00df und Liebe zu den Bienen einen wunderbaren Honig geschaffen. <br \/> Wenn jemand sich jeden Tag um seine Bienen und seine Honigprodukte k\u00fcmmert, dann wei\u00df man, wieso man den besten Honig hier findet!<\/p><\/div>\n    \n    <div class=\"glsr-review-author\"><span class=\"glsr-tag-value\">Miki<\/span><\/div>\n    \n<\/div>\n<div class=\"glsr-review\" data-type=\"local\" id=\"review-61\" data-assigned='[]'>\n    <div class=\"glsr-review-title\"><h3 class=\"glsr-tag-value\">Sehr netter Imker mit qualitativ sehr hochwertigen Produkten<\/h3><\/div>\n    <div class=\"glsr-review-rating\"><div class=\"glsr-star-rating glsr-stars\" data-rating=\"5\">\n    <span class=\"screen-reader-text\">Rated <strong>5<\/strong> out of 5<\/span>\n    <span class=\"glsr-star glsr-star-full\" aria-hidden=\"true\"><\/span><span class=\"glsr-star glsr-star-full\" aria-hidden=\"true\"><\/span><span class=\"glsr-star glsr-star-full\" aria-hidden=\"true\"><\/span><span class=\"glsr-star glsr-star-full\" aria-hidden=\"true\"><\/span><span class=\"glsr-star glsr-star-full\" aria-hidden=\"true\"><\/span>\n<\/div><\/div>\n    <div class=\"glsr-review-date\"><span class=\"glsr-tag-value\">October 7, 2020<\/span><\/div>\n    \n    <div class=\"glsr-review-content\"><p class=\"glsr-tag-value\">Top Produkte. W\u00fcrde es jedem weiterempfehlen<\/p><\/div>\n    \n    <div class=\"glsr-review-author\"><span class=\"glsr-tag-value\">Valentina Koller<\/span><\/div>\n    \n<\/div>\n<div class=\"glsr-review\" data-type=\"local\" id=\"review-60\" data-assigned='[]'>\n    <div class=\"glsr-review-title\"><h3 class=\"glsr-tag-value\">Wunderbarer Honig<\/h3><\/div>\n    <div class=\"glsr-review-rating\"><div class=\"glsr-star-rating glsr-stars\" data-rating=\"5\">\n    <span class=\"screen-reader-text\">Rated <strong>5<\/strong> out of 5<\/span>\n    <span class=\"glsr-star glsr-star-full\" aria-hidden=\"true\"><\/span><span class=\"glsr-star glsr-star-full\" aria-hidden=\"true\"><\/span><span class=\"glsr-star glsr-star-full\" aria-hidden=\"true\"><\/span><span class=\"glsr-star glsr-star-full\" aria-hidden=\"true\"><\/span><span class=\"glsr-star glsr-star-full\" aria-hidden=\"true\"><\/span>\n<\/div><\/div>\n    <div class=\"glsr-review-date\"><span class=\"glsr-tag-value\">October 7, 2020<\/span><\/div>\n    \n    <div class=\"glsr-review-content\"><p class=\"glsr-tag-value\">Sehr geschmacksbildende perfekt gemachter Honig. Das gilt f\u00fcr alle Sorten. Sensationell \ud83d\udc4d\ud83d\udc4d\ud83d\udc4d<\/p><\/div>\n    \n    <div class=\"glsr-review-author\"><span class=\"glsr-tag-value\">Martina Neubauer<\/span><\/div>\n    \n<\/div>\n<div class=\"glsr-review\" data-type=\"local\" id=\"review-59\" data-assigned='[]'>\n    <div class=\"glsr-review-title\"><h3 class=\"glsr-tag-value\">Top Qualit\u00e4t<\/h3><\/div>\n    <div class=\"glsr-review-rating\"><div class=\"glsr-star-rating glsr-stars\" data-rating=\"5\">\n    <span class=\"screen-reader-text\">Rated <strong>5<\/strong> out of 5<\/span>\n    <span class=\"glsr-star glsr-star-full\" aria-hidden=\"true\"><\/span><span class=\"glsr-star glsr-star-full\" aria-hidden=\"true\"><\/span><span class=\"glsr-star glsr-star-full\" aria-hidden=\"true\"><\/span><span class=\"glsr-star glsr-star-full\" aria-hidden=\"true\"><\/span><span class=\"glsr-star glsr-star-full\" aria-hidden=\"true\"><\/span>\n<\/div><\/div>\n    <div class=\"glsr-review-date\"><span class=\"glsr-tag-value\">October 6, 2020<\/span><\/div>\n    \n    <div class=\"glsr-review-content\"><p class=\"glsr-tag-value\">Herr Macovei produziert hochwertige Honigsorten und experimentiert immer wieder gerne mit neuen Rezepturen um eine Vielfalt an Produkten anzubieten. Seit zwei Jahren beziehe ich alle Bienenprodukte nur noch von ihm:)<\/p><\/div>\n    \n    <div class=\"glsr-review-author\"><span class=\"glsr-tag-value\">Victoria<\/span><\/div>\n    \n<\/div>\n<div class=\"glsr-review\" data-type=\"local\" id=\"review-58\" data-assigned='[]'>\n    <div class=\"glsr-review-title\"><h3 class=\"glsr-tag-value\">Waldhonig<\/h3><\/div>\n    <div class=\"glsr-review-rating\"><div class=\"glsr-star-rating glsr-stars\" data-rating=\"5\">\n    <span class=\"screen-reader-text\">Rated <strong>5<\/strong> out of 5<\/span>\n    <span class=\"glsr-star glsr-star-full\" aria-hidden=\"true\"><\/span><span class=\"glsr-star glsr-star-full\" aria-hidden=\"true\"><\/span><span class=\"glsr-star glsr-star-full\" aria-hidden=\"true\"><\/span><span class=\"glsr-star glsr-star-full\" aria-hidden=\"true\"><\/span><span class=\"glsr-star glsr-star-full\" aria-hidden=\"true\"><\/span>\n<\/div><\/div>\n    <div class=\"glsr-review-date\"><span class=\"glsr-tag-value\">October 6, 2020<\/span><\/div>\n    \n    <div class=\"glsr-review-content\"><p class=\"glsr-tag-value\">Ausgezeichnet<\/p><\/div>\n    \n    <div class=\"glsr-review-author\"><span class=\"glsr-tag-value\">Resch Hubert<\/span><\/div>\n    \n<\/div>\n<div class=\"glsr-review\" data-type=\"local\" id=\"review-53\" data-assigned='[]'>\n    <div class=\"glsr-review-title\"><h3 class=\"glsr-tag-value\">Top Honig aus der Steiermark<\/h3><\/div>\n    <div class=\"glsr-review-rating\"><div class=\"glsr-star-rating glsr-stars\" data-rating=\"5\">\n    <span class=\"screen-reader-text\">Rated <strong>5<\/strong> out of 5<\/span>\n    <span class=\"glsr-star glsr-star-full\" aria-hidden=\"true\"><\/span><span class=\"glsr-star glsr-star-full\" aria-hidden=\"true\"><\/span><span class=\"glsr-star glsr-star-full\" aria-hidden=\"true\"><\/span><span class=\"glsr-star glsr-star-full\" aria-hidden=\"true\"><\/span><span class=\"glsr-star glsr-star-full\" aria-hidden=\"true\"><\/span>\n<\/div><\/div>\n    <div class=\"glsr-review-date\"><span class=\"glsr-tag-value\">September 30, 2020<\/span><\/div>\n    \n    <div class=\"glsr-review-content\"><p class=\"glsr-tag-value\">Der beste Kastanienhonig den ich je gegessen habe!<\/p><\/div>\n    \n    <div class=\"glsr-review-author\"><span class=\"glsr-tag-value\">Tatjana<\/span><\/div>\n    \n<\/div>\n    <\/div>\n    \n<\/div><\/div>","protected":false},"excerpt":{"rendered":"","protected":false},"author":1,"featured_media":0,"parent":0,"menu_order":0,"comment_status":"closed","ping_status":"closed","template":"","meta":[],"_links":{"self":[{"href":"https:\/\/honig.macovei.at\/index.php?rest_route=\/wp\/v2\/pages\/49"}],"collection":[{"href":"https:\/\/honig.macovei.at\/index.php?rest_route=\/wp\/v2\/pages"}],"about":[{"href":"https:\/\/honig.macovei.at\/index.php?rest_route=\/wp\/v2\/types\/page"}],"author":[{"embeddable":true,"href":"https:\/\/honig.macovei.at\/index.php?rest_route=\/wp\/v2\/users\/1"}],"replies":[{"embeddable":true,"href":"https:\/\/honig.macovei.at\/index.php?rest_route=%2Fwp%2Fv2%2Fcomments&post=49"}],"version-history":[{"count":4,"href":"https:\/\/honig.macovei.at\/index.php?rest_route=\/wp\/v2\/pages\/49\/revisions"}],"predecessor-version":[{"id":64,"href":"https:\/\/honig.macovei.at\/index.php?rest_route=\/wp\/v2\/pages\/49\/revisions\/64"}],"wp:attachment":[{"href":"https:\/\/honig.macovei.at\/index.php?rest_route=%2Fwp%2Fv2%2Fmedia&parent=49"}],"curies":[{"name":"wp","href":"https:\/\/api.w.org\/{rel}","templated":true}]}}